{"id":1063,"date":"2020-11-15T22:06:42","date_gmt":"2020-11-15T21:06:42","guid":{"rendered":"http:\/\/www.elsa.dk\/aalborg\/?page_id=1063"},"modified":"2020-11-15T22:29:42","modified_gmt":"2020-11-15T21:29:42","slug":"elsa-day","status":"publish","type":"page","link":"https:\/\/www.elsa.dk\/aalborg\/elsa-day\/","title":{"rendered":"ELSA Law Schools"},"content":{"rendered":"\t\t<div data-elementor-type=\"wp-page\" data-elementor-id=\"1063\" class=\"elementor elementor-1063\">\n\t\t\t\t\t\t<section class=\"elementor-section elementor-top-section elementor-element elementor-element-e39e065 elementor-section-boxed elementor-section-height-default elementor-section-height-default\" data-id=\"e39e065\" data-element_type=\"section\" data-e-type=\"section\">\n\t\t\t\t\t\t<div class=\"elementor-container elementor-column-gap-default\">\n\t\t\t\t\t<div class=\"elementor-column elementor-col-100 elementor-top-column elementor-element elementor-element-180e3a5\" data-id=\"180e3a5\" data-element_type=\"column\" data-e-type=\"column\">\n\t\t\t<div class=\"elementor-widget-wrap elementor-element-populated\">\n\t\t\t\t\t\t<div class=\"elementor-element elementor-element-c6b80b6 elementor-widget elementor-widget-heading\" data-id=\"c6b80b6\" data-element_type=\"widget\" data-e-type=\"widget\" data-widget_type=\"heading.default\">\n\t\t\t\t<div class=\"elementor-widget-container\">\n\t\t\t\t\t<h2 class=\"elementor-heading-title elementor-size-default\">ELSA Law Schools<\/h2>\t\t\t\t<\/div>\n\t\t\t\t<\/div>\n\t\t\t\t\t<\/div>\n\t\t<\/div>\n\t\t\t\t\t<\/div>\n\t\t<\/section>\n\t\t\t\t<section class=\"elementor-section elementor-top-section elementor-element elementor-element-23a6bfc elementor-section-boxed elementor-section-height-default elementor-section-height-default\" data-id=\"23a6bfc\" data-element_type=\"section\" data-e-type=\"section\">\n\t\t\t\t\t\t<div class=\"elementor-container elementor-column-gap-default\">\n\t\t\t\t\t<div class=\"elementor-column elementor-col-100 elementor-top-column elementor-element elementor-element-9412999\" data-id=\"9412999\" data-element_type=\"column\" data-e-type=\"column\">\n\t\t\t<div class=\"elementor-widget-wrap elementor-element-populated\">\n\t\t\t\t\t\t<div class=\"elementor-element elementor-element-95a46cb elementor-widget elementor-widget-text-editor\" data-id=\"95a46cb\" data-element_type=\"widget\" data-e-type=\"widget\" data-widget_type=\"text-editor.default\">\n\t\t\t\t<div class=\"elementor-widget-container\">\n\t\t\t\t\t\t\t\t\t<p><strong>Hvad er ELSA Law Schools?\u00a0<\/strong><\/p><p>Hvert \u00e5r udbyder ELSA utallige Law Schools, her b\u00e5de sommer- og vinterskoler, hvor forskellige lokale ELSA grupper skaber rammerne for at opleve et nyt land og et nyt juridisk omr\u00e5de.\u00a0ELSA Law Schools er en unik mulighed for at tilegne sig ny viden om et juridisk omr\u00e5de gennem undervisning afholdt af eksperter indenfor omr\u00e5det.\u00a0Deltagerne i ELSA Law School kommer fra forskellige steder i Europa, hvorfor der er mulighed for at udvide sit internationale netv\u00e6rk.\u00a0<\/p><p>Det prim\u00e6re fokus omhandler det akademiske program, men der tilbydes ogs\u00e5 et socialt program som planl\u00e6gges af v\u00e6rtsgruppen. Det sociale program danner grundlag for kulturelle oplevelser i v\u00e6rtsbyen og skaber ligeledes gode rammer for socialt samv\u00e6r med andre jurastuderende.\u00a0<\/p><p>S\u00e5 dr\u00f8mmer du om at komme ud i verden og tilegne dig en s\u00e6rlig juridisk viden, samtidig med at du f\u00e5r udvidet dit internationale netv\u00e6rk, s\u00e5 er ELSA Law Schools noget for dig.\u00a0<\/p><p><strong>S\u00e5dan deltager du<\/strong><\/p><p>Du ans\u00f8ger gennem <a href=\"https:\/\/lawschools.elsa.org\/\">ELSA Law Schools portalen<\/a>, hvor du ogs\u00e5 kan finde yderligere oplysninger om de udbudte skoler.\u00a0<\/p><p>Datoerne for ans\u00f8gningsrunderne offentligg\u00f8res p\u00e5 vores Facebook side.\u00a0<\/p><div class=\"av-special-heading av-special-heading-h3    avia-builder-el-1  el_before_av_textblock  avia-builder-el-first  \">\u00a0<\/div><section class=\"av_textblock_section \"><div class=\"avia_textblock  \"><p>\u00a0<\/p><\/div><\/section>\t\t\t\t\t\t\t\t<\/div>\n\t\t\t\t<\/div>\n\t\t\t\t<div class=\"elementor-element elementor-element-bd678b4 elementor-widget elementor-widget-image\" data-id=\"bd678b4\" data-element_type=\"widget\" data-e-type=\"widget\" data-widget_type=\"image.default\">\n\t\t\t\t<div class=\"elementor-widget-container\">\n\t\t\t\t\t\t\t\t\t\t\t\t\t\t\t<img fetchpriority=\"high\" decoding=\"async\" width=\"750\" height=\"156\" src=\"https:\/\/www.elsa.dk\/aalborg\/wp-content\/uploads\/2020\/11\/Skaermbillede-2020-11-15-kl.-22.29.01.png\" class=\"attachment-large size-large wp-image-1072\" alt=\"\" srcset=\"https:\/\/www.elsa.dk\/aalborg\/wp-content\/uploads\/2020\/11\/Skaermbillede-2020-11-15-kl.-22.29.01.png 750w, https:\/\/www.elsa.dk\/aalborg\/wp-content\/uploads\/2020\/11\/Skaermbillede-2020-11-15-kl.-22.29.01-300x62.png 300w\" sizes=\"(max-width: 750px) 100vw, 750px\" \/>\t\t\t\t\t\t\t\t\t\t\t\t\t\t\t<\/div>\n\t\t\t\t<\/div>\n\t\t\t\t\t<\/div>\n\t\t<\/div>\n\t\t\t\t\t<\/div>\n\t\t<\/section>\n\t\t\t\t<\/div>\n\t\t","protected":false},"excerpt":{"rendered":"<p>ELSA Law Schools Hvad er ELSA Law Schools?\u00a0 Hvert \u00e5r udbyder ELSA utallige Law Schools, her b\u00e5de sommer- og vinterskoler, hvor forskellige lokale ELSA grupper skaber rammerne for at opleve et nyt land og et nyt juridisk omr\u00e5de.\u00a0ELSA Law Schools er en unik mulighed for at tilegne sig ny viden om et juridisk omr\u00e5de gennem&hellip;&nbsp;<a href=\"https:\/\/www.elsa.dk\/aalborg\/elsa-day\/\" class=\"\" rel=\"bookmark\">L\u00e6s mere &raquo;<span class=\"screen-reader-text\">ELSA Law Schools<\/span><\/a><\/p>\n","protected":false},"author":3,"featured_media":0,"parent":0,"menu_order":0,"comment_status":"closed","ping_status":"closed","template":"page-templates\/template-pagebuilder-full-width.php","meta":{"footnotes":""},"class_list":["post-1063","page","type-page","status-publish","hentry"],"_links":{"self":[{"href":"https:\/\/www.elsa.dk\/aalborg\/wp-json\/wp\/v2\/pages\/1063","targetHints":{"allow":["GET"]}}],"collection":[{"href":"https:\/\/www.elsa.dk\/aalborg\/wp-json\/wp\/v2\/pages"}],"about":[{"href":"https:\/\/www.elsa.dk\/aalborg\/wp-json\/wp\/v2\/types\/page"}],"author":[{"embeddable":true,"href":"https:\/\/www.elsa.dk\/aalborg\/wp-json\/wp\/v2\/users\/3"}],"replies":[{"embeddable":true,"href":"https:\/\/www.elsa.dk\/aalborg\/wp-json\/wp\/v2\/comments?post=1063"}],"version-history":[{"count":4,"href":"https:\/\/www.elsa.dk\/aalborg\/wp-json\/wp\/v2\/pages\/1063\/revisions"}],"predecessor-version":[{"id":1073,"href":"https:\/\/www.elsa.dk\/aalborg\/wp-json\/wp\/v2\/pages\/1063\/revisions\/1073"}],"wp:attachment":[{"href":"https:\/\/www.elsa.dk\/aalborg\/wp-json\/wp\/v2\/media?parent=1063"}],"curies":[{"name":"wp","href":"https:\/\/api.w.org\/{rel}","templated":true}]}}