{"id":9962,"date":"2024-10-04T00:24:48","date_gmt":"2024-10-03T22:24:48","guid":{"rendered":"https:\/\/www.elsa.dk\/?page_id=9962"},"modified":"2026-02-13T12:34:34","modified_gmt":"2026-02-13T10:34:34","slug":"persondatapolitik-duplicate-8958","status":"publish","type":"page","link":"https:\/\/www.elsa.dk\/?page_id=9962","title":{"rendered":"Om ELSA Denmark"},"content":{"rendered":"\t\t<div data-elementor-type=\"wp-page\" data-elementor-id=\"9962\" class=\"elementor elementor-9962\">\n\t\t\t\t<div class=\"elementor-element elementor-element-787c6168 e-con-full e-flex e-con e-parent\" data-id=\"787c6168\" data-element_type=\"container\" data-e-type=\"container\" data-settings=\"{&quot;background_background&quot;:&quot;classic&quot;}\">\n\t\t<div class=\"elementor-element elementor-element-5dd6734b e-con-full e-flex e-con e-child\" data-id=\"5dd6734b\" data-element_type=\"container\" data-e-type=\"container\">\n\t\t\t\t<div class=\"elementor-element elementor-element-7598bb4 elementor-widget elementor-widget-image\" data-id=\"7598bb4\" data-element_type=\"widget\" data-e-type=\"widget\" data-widget_type=\"image.default\">\n\t\t\t\t<div class=\"elementor-widget-container\">\n\t\t\t\t\t\t\t\t\t\t\t\t\t\t\t<img fetchpriority=\"high\" decoding=\"async\" width=\"800\" height=\"533\" src=\"https:\/\/www.elsa.dk\/wp-content\/uploads\/2026\/02\/EU-flag-1030x686.jpg\" class=\"attachment-large size-large wp-image-11179\" alt=\"\" srcset=\"https:\/\/www.elsa.dk\/wp-content\/uploads\/2026\/02\/EU-flag-1030x686.jpg 1030w, https:\/\/www.elsa.dk\/wp-content\/uploads\/2026\/02\/EU-flag-300x200.jpg 300w, https:\/\/www.elsa.dk\/wp-content\/uploads\/2026\/02\/EU-flag-768x512.jpg 768w, https:\/\/www.elsa.dk\/wp-content\/uploads\/2026\/02\/EU-flag.jpg 1280w\" sizes=\"(max-width: 800px) 100vw, 800px\" \/>\t\t\t\t\t\t\t\t\t\t\t\t\t\t\t<\/div>\n\t\t\t\t<\/div>\n\t\t\t\t<\/div>\n\t\t<div class=\"elementor-element elementor-element-20f5046c e-con-full e-flex e-con e-child\" data-id=\"20f5046c\" data-element_type=\"container\" data-e-type=\"container\">\n\t\t\t\t<div class=\"elementor-element elementor-element-5f9f74a0 elementor-widget elementor-widget-heading\" data-id=\"5f9f74a0\" data-element_type=\"widget\" data-e-type=\"widget\" data-widget_type=\"heading.default\">\n\t\t\t\t<div class=\"elementor-widget-container\">\n\t\t\t\t\t<h1 class=\"elementor-heading-title elementor-size-default\">Om ELSA Denmark<\/h1>\t\t\t\t<\/div>\n\t\t\t\t<\/div>\n\t\t\t\t<div class=\"elementor-element elementor-element-11275c48 elementor-widget elementor-widget-text-editor\" data-id=\"11275c48\" data-element_type=\"widget\" data-e-type=\"widget\" data-widget_type=\"text-editor.default\">\n\t\t\t\t<div class=\"elementor-widget-container\">\n\t\t\t\t\t\t\t\t\t<p><span class=\"a_GcMg font-feature-liga-off font-feature-clig-off font-feature-calt-off text-decoration-none text-strikethrough-none\">ELSA Denmark er \u00e9n af 41 nationale grupper i The European Law Students\u2019 Association (ELSA), der er verdens st\u00f8rste organisation for jurastuderende og f\u00e6rdiguddannede jurister. Med lokalgrupper i de fire universitetsbyer, K\u00f8benhavn, Aarhus, Odense og Aalborg udg\u00f8r ELSA Denmark det danske netv\u00e6rk i ELSA.<\/span><\/p><p><span class=\"a_GcMg font-feature-liga-off font-feature-clig-off font-feature-calt-off text-decoration-none text-strikethrough-none\"><br><\/span><\/p>\t\t\t\t\t\t\t\t<\/div>\n\t\t\t\t<\/div>\n\t\t\t\t<\/div>\n\t\t\t\t<\/div>\n\t\t<div class=\"elementor-element elementor-element-f5e6891 e-con-full e-flex e-con e-parent\" data-id=\"f5e6891\" data-element_type=\"container\" data-e-type=\"container\">\n\t\t<div class=\"elementor-element elementor-element-7c38b144 e-con-full e-flex e-con e-child\" data-id=\"7c38b144\" data-element_type=\"container\" data-e-type=\"container\">\n\t\t\t\t<div class=\"elementor-element elementor-element-745de7b3 elementor-widget elementor-widget-heading\" data-id=\"745de7b3\" data-element_type=\"widget\" data-e-type=\"widget\" data-widget_type=\"heading.default\">\n\t\t\t\t<div class=\"elementor-widget-container\">\n\t\t\t\t\t<h2 class=\"elementor-heading-title elementor-size-default\">ELSA's historie<\/h2>\t\t\t\t<\/div>\n\t\t\t\t<\/div>\n\t\t\t\t<div class=\"elementor-element elementor-element-e7bbd63 elementor-widget elementor-widget-text-editor\" data-id=\"e7bbd63\" data-element_type=\"widget\" data-e-type=\"widget\" data-widget_type=\"text-editor.default\">\n\t\t\t\t<div class=\"elementor-widget-container\">\n\t\t\t\t\t\t\t\t\t<p>ELSA blev grundlagt den 4. maj 1981 i Wien af \u200b\u200bstuderende fra Polen, \u00d8strig, Ungarn og Vesttyskland. Ideen var at fremme internationale kontakter og gensidig forst\u00e5else blandt jurastuderende p\u00e5 begge sider af jernt\u00e6ppet.<\/p><p>Inden for meget kort tid voksede foreningen sig st\u00e6rkere og udvidede sig til den nordlige del af Europa. De fleste m\u00f8der fandt sted i K\u00f8benhavn og Helsinki, og ELSAs f\u00f8rste internationale kontor blev placeret i Oslo i 1984.<\/p><p>I 1986 havde ELSA 9 medlemmer og to observat\u00f8rer. Strukturen begyndte at tage form, hvor det internationale bestyrelse havde tre \u201cn\u00e6stform\u00e6nd\u201d, der hver is\u00e6r var ansvarlige for sit eget omr\u00e5de.<\/p><p>I 1991 havde ELSA n\u00e6sten 30 medlemmer og observat\u00f8rer. R\u00e5dsm\u00f8derne havde allerede mellem 100 og 200 deltagere fra omkring 15 lande, og antallet af STEP-praktikanter om \u00e5ret var steget til omkring 100. Antallet af seminarer steg st\u00f8t, og \u00e5ret 1990 gav et reelt boost med 27 seminarer i 14 lande inden for et \u00e5r. Der var etableret kontakter med ILSA og andre internationale studenterorganisationer, og to \u00e5rlige internationale m\u00f8der var ikke l\u00e6ngere tilstr\u00e6kkelige. Siden 1990 afholdes to ekstra pr\u00e6sidentm\u00f8der om \u00e5ret.<\/p><p>Den 12. oktober 1992 blev ELSAs filosofierkl\u00e6ring vedtaget i Bruxelles. Visionen\u00a0<i>A just world in which there is respect for human dignity and cultural diversity<\/i>\u201d har spillet en stor rolle i alle ELSAs aktiviteter lige siden.<\/p><p>I 1995 var antallet af STEP-praktikanter steget til omkring 400 og antallet af seminarer til omkring 35 om \u00e5ret. R\u00e5dsm\u00f8derne var fortsat med at vokse i st\u00f8rrelse, nu var der omkring 250 repr\u00e6sentanter fra over 30 lande. Nye aktiviteter blev ogs\u00e5 inkluderet: Moot courts, is\u00e6r Philip C. Jessup, begyndte at spille en vigtig rolle. ELSA styrkede sit samarbejde med FN og Den Europ\u00e6iske Union, Human Rights Programme og International Focus Programme blev startet. I 1994 blev den f\u00f8rste udgave af Guide to Legal Studies in Europe udgivet efter en pilotversion i 1992\/93.<\/p><p>Derudover blev der etableret kontakter til jurastuderendes foreninger p\u00e5 andre kontinenter, f.eks. gennem et bes\u00f8g i Japan og organiseringen af \u200b\u200ben juraskole i Arusha, Tanzania<\/p><p>I dag er ELSA tilstede p\u00e5 mere end 432 universiteter i 41 europ\u00e6iske lande. Med et estimat p\u00e5 over 60.000 medlemmer, er ELSA verdens st\u00f8rste organisation for jurastuderende.\u00a0<span style=\"letter-spacing: 0px; word-spacing: 0em;\">ELSA Denmark, repr\u00e6senterer de danske lokalgruppers interesser ved internationale m\u00f8der. Her diskuteres og findes frem til bedre l\u00f8sninger sammen med de andre medlemslande.<\/span><\/p>\t\t\t\t\t\t\t\t<\/div>\n\t\t\t\t<\/div>\n\t\t\t\t<\/div>\n\t\t\t\t<\/div>\n\t\t<div class=\"elementor-element elementor-element-4bd0944f e-flex e-con-boxed e-con e-parent\" data-id=\"4bd0944f\" data-element_type=\"container\" data-e-type=\"container\" data-settings=\"{&quot;background_background&quot;:&quot;classic&quot;}\">\n\t\t\t\t\t<div class=\"e-con-inner\">\n\t\t\t\t<div class=\"elementor-element elementor-element-2ce195fe elementor-widget__width-initial elementor-widget elementor-widget-heading\" data-id=\"2ce195fe\" data-element_type=\"widget\" data-e-type=\"widget\" data-widget_type=\"heading.default\">\n\t\t\t\t<div class=\"elementor-widget-container\">\n\t\t\t\t\t<h3 class=\"elementor-heading-title elementor-size-default\">Lokalgrupperne i \nELSA Denmark<\/h3>\t\t\t\t<\/div>\n\t\t\t\t<\/div>\n\t\t\t\t<div class=\"elementor-element elementor-element-47f262d2 elementor-widget__width-initial elementor-widget elementor-widget-text-editor\" data-id=\"47f262d2\" data-element_type=\"widget\" data-e-type=\"widget\" data-widget_type=\"text-editor.default\">\n\t\t\t\t<div class=\"elementor-widget-container\">\n\t\t\t\t\t\t\t\t\t<p>I Danmark er ELSA repr\u00e6senteret med lokalgrupper i K\u00f8benhavn, Aarhus, Odense og Aalborg. Disse fire lokalgrupper udg\u00f8r sammen med den nationale bestyrelse, ELSA Denmark.<\/p>\t\t\t\t\t\t\t\t<\/div>\n\t\t\t\t<\/div>\n\t\t\t\t\t<\/div>\n\t\t\t\t<\/div>\n\t\t\t\t<section class=\"elementor-section elementor-top-section elementor-element elementor-element-68473cfb elementor-section-boxed elementor-section-height-default elementor-section-height-default\" data-id=\"68473cfb\" data-element_type=\"section\" data-e-type=\"section\">\n\t\t\t\t\t\t<div class=\"elementor-container elementor-column-gap-default\">\n\t\t\t\t\t<div class=\"elementor-column elementor-col-25 elementor-top-column elementor-element elementor-element-671aaa36\" data-id=\"671aaa36\" data-element_type=\"column\" data-e-type=\"column\">\n\t\t\t<div class=\"elementor-widget-wrap elementor-element-populated\">\n\t\t\t\t\t\t<div class=\"elementor-element elementor-element-1b1657b4 elementor-widget elementor-widget-image\" data-id=\"1b1657b4\" data-element_type=\"widget\" data-e-type=\"widget\" data-widget_type=\"image.default\">\n\t\t\t\t<div class=\"elementor-widget-container\">\n\t\t\t\t\t\t\t\t\t\t\t\t\t\t\t\t<a href=\"https:\/\/elsa-cph.dk\/\">\n\t\t\t\t\t\t\t<img decoding=\"async\" width=\"800\" height=\"532\" src=\"https:\/\/www.elsa.dk\/wp-content\/uploads\/2023\/02\/1-1-1030x685.png\" class=\"elementor-animation-grow attachment-large size-large wp-image-8781\" alt=\"\" srcset=\"https:\/\/www.elsa.dk\/wp-content\/uploads\/2023\/02\/1-1-1030x685.png 1030w, https:\/\/www.elsa.dk\/wp-content\/uploads\/2023\/02\/1-1-300x200.png 300w, https:\/\/www.elsa.dk\/wp-content\/uploads\/2023\/02\/1-1-768x511.png 768w, https:\/\/www.elsa.dk\/wp-content\/uploads\/2023\/02\/1-1-1536x1022.png 1536w, https:\/\/www.elsa.dk\/wp-content\/uploads\/2023\/02\/1-1.png 2048w\" sizes=\"(max-width: 800px) 100vw, 800px\" \/>\t\t\t\t\t\t\t\t<\/a>\n\t\t\t\t\t\t\t\t\t\t\t\t\t\t\t<\/div>\n\t\t\t\t<\/div>\n\t\t\t\t\t<\/div>\n\t\t<\/div>\n\t\t\t\t<div class=\"elementor-column elementor-col-25 elementor-top-column elementor-element elementor-element-5496d9ef\" data-id=\"5496d9ef\" data-element_type=\"column\" data-e-type=\"column\">\n\t\t\t<div class=\"elementor-widget-wrap elementor-element-populated\">\n\t\t\t\t\t\t<div class=\"elementor-element elementor-element-695b729d elementor-widget elementor-widget-image\" data-id=\"695b729d\" data-element_type=\"widget\" data-e-type=\"widget\" data-widget_type=\"image.default\">\n\t\t\t\t<div class=\"elementor-widget-container\">\n\t\t\t\t\t\t\t\t\t\t\t\t\t\t\t\t<a href=\"https:\/\/elsa-aarhus.dk\/\">\n\t\t\t\t\t\t\t<img decoding=\"async\" width=\"800\" height=\"532\" src=\"https:\/\/www.elsa.dk\/wp-content\/uploads\/2023\/02\/2-1-1030x685.png\" class=\"elementor-animation-grow attachment-large size-large wp-image-8780\" alt=\"\" srcset=\"https:\/\/www.elsa.dk\/wp-content\/uploads\/2023\/02\/2-1-1030x685.png 1030w, https:\/\/www.elsa.dk\/wp-content\/uploads\/2023\/02\/2-1-300x200.png 300w, https:\/\/www.elsa.dk\/wp-content\/uploads\/2023\/02\/2-1-768x511.png 768w, https:\/\/www.elsa.dk\/wp-content\/uploads\/2023\/02\/2-1-1536x1022.png 1536w, https:\/\/www.elsa.dk\/wp-content\/uploads\/2023\/02\/2-1.png 2048w\" sizes=\"(max-width: 800px) 100vw, 800px\" \/>\t\t\t\t\t\t\t\t<\/a>\n\t\t\t\t\t\t\t\t\t\t\t\t\t\t\t<\/div>\n\t\t\t\t<\/div>\n\t\t\t\t\t<\/div>\n\t\t<\/div>\n\t\t\t\t<div class=\"elementor-column elementor-col-25 elementor-top-column elementor-element elementor-element-6bf7a117\" data-id=\"6bf7a117\" data-element_type=\"column\" data-e-type=\"column\">\n\t\t\t<div class=\"elementor-widget-wrap elementor-element-populated\">\n\t\t\t\t\t\t<div class=\"elementor-element elementor-element-24260907 elementor-widget elementor-widget-image\" data-id=\"24260907\" data-element_type=\"widget\" data-e-type=\"widget\" data-widget_type=\"image.default\">\n\t\t\t\t<div class=\"elementor-widget-container\">\n\t\t\t\t\t\t\t\t\t\t\t\t\t\t\t\t<a href=\"http:\/\/elsa.dk\/odense\/\">\n\t\t\t\t\t\t\t<img loading=\"lazy\" decoding=\"async\" width=\"800\" height=\"532\" src=\"https:\/\/www.elsa.dk\/wp-content\/uploads\/2023\/02\/3-1-1030x685.png\" class=\"elementor-animation-grow attachment-large size-large wp-image-8779\" alt=\"\" srcset=\"https:\/\/www.elsa.dk\/wp-content\/uploads\/2023\/02\/3-1-1030x685.png 1030w, https:\/\/www.elsa.dk\/wp-content\/uploads\/2023\/02\/3-1-300x200.png 300w, https:\/\/www.elsa.dk\/wp-content\/uploads\/2023\/02\/3-1-768x511.png 768w, https:\/\/www.elsa.dk\/wp-content\/uploads\/2023\/02\/3-1-1536x1022.png 1536w, https:\/\/www.elsa.dk\/wp-content\/uploads\/2023\/02\/3-1.png 2048w\" sizes=\"(max-width: 800px) 100vw, 800px\" \/>\t\t\t\t\t\t\t\t<\/a>\n\t\t\t\t\t\t\t\t\t\t\t\t\t\t\t<\/div>\n\t\t\t\t<\/div>\n\t\t\t\t\t<\/div>\n\t\t<\/div>\n\t\t\t\t<div class=\"elementor-column elementor-col-25 elementor-top-column elementor-element elementor-element-543b2472\" data-id=\"543b2472\" data-element_type=\"column\" data-e-type=\"column\">\n\t\t\t<div class=\"elementor-widget-wrap elementor-element-populated\">\n\t\t\t\t\t\t<div class=\"elementor-element elementor-element-7c1edcbd elementor-widget elementor-widget-image\" data-id=\"7c1edcbd\" data-element_type=\"widget\" data-e-type=\"widget\" data-widget_type=\"image.default\">\n\t\t\t\t<div class=\"elementor-widget-container\">\n\t\t\t\t\t\t\t\t\t\t\t\t\t\t\t\t<a href=\"http:\/\/www.elsa.dk\/aalborg\/\">\n\t\t\t\t\t\t\t<img loading=\"lazy\" decoding=\"async\" width=\"800\" height=\"532\" src=\"https:\/\/www.elsa.dk\/wp-content\/uploads\/2023\/02\/4-1030x685.png\" class=\"elementor-animation-grow attachment-large size-large wp-image-8778\" alt=\"\" srcset=\"https:\/\/www.elsa.dk\/wp-content\/uploads\/2023\/02\/4-1030x685.png 1030w, https:\/\/www.elsa.dk\/wp-content\/uploads\/2023\/02\/4-300x200.png 300w, https:\/\/www.elsa.dk\/wp-content\/uploads\/2023\/02\/4-768x511.png 768w, https:\/\/www.elsa.dk\/wp-content\/uploads\/2023\/02\/4-1536x1022.png 1536w, https:\/\/www.elsa.dk\/wp-content\/uploads\/2023\/02\/4.png 2048w\" sizes=\"(max-width: 800px) 100vw, 800px\" \/>\t\t\t\t\t\t\t\t<\/a>\n\t\t\t\t\t\t\t\t\t\t\t\t\t\t\t<\/div>\n\t\t\t\t<\/div>\n\t\t\t\t\t<\/div>\n\t\t<\/div>\n\t\t\t\t\t<\/div>\n\t\t<\/section>\n\t\t<div class=\"elementor-element elementor-element-c69e668 e-flex e-con-boxed e-con e-parent\" data-id=\"c69e668\" data-element_type=\"container\" data-e-type=\"container\">\n\t\t\t\t\t<div class=\"e-con-inner\">\n\t\t\t\t<div class=\"elementor-element elementor-element-518f31f elementor-widget elementor-widget-spacer\" data-id=\"518f31f\" data-element_type=\"widget\" data-e-type=\"widget\" data-widget_type=\"spacer.default\">\n\t\t\t\t<div class=\"elementor-widget-container\">\n\t\t\t\t\t\t\t<div class=\"elementor-spacer\">\n\t\t\t<div class=\"elementor-spacer-inner\"><\/div>\n\t\t<\/div>\n\t\t\t\t\t\t<\/div>\n\t\t\t\t<\/div>\n\t\t\t\t\t<\/div>\n\t\t\t\t<\/div>\n\t\t\t\t<\/div>\n\t\t","protected":false},"excerpt":{"rendered":"<p>Om ELSA Denmark ELSA Denmark er \u00e9n af 41 nationale grupper i The European Law Students\u2019 Association (ELSA), der er verdens st\u00f8rste organisation for jurastuderende og f\u00e6rdiguddannede jurister. Med lokalgrupper i de fire universitetsbyer, K\u00f8benhavn, Aarhus, Odense og Aalborg udg\u00f8r ELSA Denmark det danske netv\u00e6rk i ELSA. ELSA&#8217;s historie ELSA blev grundlagt den 4. maj [&hellip;]<\/p>\n","protected":false},"author":11,"featured_media":0,"parent":0,"menu_order":29,"comment_status":"closed","ping_status":"closed","template":"","meta":{"_eb_attr":"","_monsterinsights_skip_tracking":false,"_monsterinsights_sitenote_active":false,"_monsterinsights_sitenote_note":"","_monsterinsights_sitenote_category":0,"footnotes":""},"class_list":["post-9962","page","type-page","status-publish","hentry"],"_links":{"self":[{"href":"https:\/\/www.elsa.dk\/index.php?rest_route=\/wp\/v2\/pages\/9962","targetHints":{"allow":["GET"]}}],"collection":[{"href":"https:\/\/www.elsa.dk\/index.php?rest_route=\/wp\/v2\/pages"}],"about":[{"href":"https:\/\/www.elsa.dk\/index.php?rest_route=\/wp\/v2\/types\/page"}],"author":[{"embeddable":true,"href":"https:\/\/www.elsa.dk\/index.php?rest_route=\/wp\/v2\/users\/11"}],"replies":[{"embeddable":true,"href":"https:\/\/www.elsa.dk\/index.php?rest_route=%2Fwp%2Fv2%2Fcomments&post=9962"}],"version-history":[{"count":58,"href":"https:\/\/www.elsa.dk\/index.php?rest_route=\/wp\/v2\/pages\/9962\/revisions"}],"predecessor-version":[{"id":11216,"href":"https:\/\/www.elsa.dk\/index.php?rest_route=\/wp\/v2\/pages\/9962\/revisions\/11216"}],"wp:attachment":[{"href":"https:\/\/www.elsa.dk\/index.php?rest_route=%2Fwp%2Fv2%2Fmedia&parent=9962"}],"curies":[{"name":"wp","href":"https:\/\/api.w.org\/{rel}","templated":true}]}}